e units digit of r?
3
What is the thousands digit of ((-36)/(-16))/((-8)/(3 - 8163))?
2
Let k = 869 - 854. What is the units digit of k?
5
Let a = 473 - 257. Suppose -4*u + a + 31 = r, 5*u = -2*r + 506. What is the units digit of r?
3
Let n(f) = -f**2 + 6*f - 5. Let j be n(4). Let t(s) = -s - 15*s - 10*s**j - 3 + 9*s**3 + 11*s**2 + 3*s. What is the tens digit of t(9)?
4
Suppose -2 = -u + 2*u. What is the tens digit of 98*(2 + 2 + 7/u)?
4
Suppose -5*b = 3*p - 29, -4*b + 25 = -b - 2*p. Let r be (-2 - -4) + b/(-1). Let l(a) = -a**3 - 6*a**2 - 5*a + 5. What is the units digit of l(r)?
5
Suppose -2*j - 29*a + 24*a + 141 = 0, -5*a - 5 = 0. What is the tens digit of j?
7
Suppose 5*g = i - 4474, 16*i - 20*i = 5*g - 18021. What is the units digit of i?
9
Suppose -163 = -2*r + 41. Suppose 5*a - 150 = -5*u, 0*u + 3*u - 3*a - r = 0. What is the tens digit of u?
3
Suppose 3299 = 5*q - 6*y + 3*y, 5*q - 5*y - 3305 = 0. What is the tens digit of q?
5
Let m(y) be the third derivative of 23*y**4/24 - 11*y**3/6 + 3*y**2. Let n be m(6). Suppose -5*u + 19 = p, 8*u - 5*u = -4*p + n. What is the units digit of p?
4
Suppose -3*m + 3*u + 428 = -2*u, 5*m = u + 684. Suppose 6*s = 10*s - m. What is the units digit of s?
4
Suppose -2*o = -d + 4, o - 7 = -d + 6*o. Let k be 30/25*(-10)/(-3). Suppose 0 = -x - i + 36, x - 37 = d*i - k*i. What is the units digit of x?
5
Suppose -4*u - 714 = -8*u + 5*a, -2*u = -3*a - 358. What is the tens digit of u?
7
Suppose m + 176 = -k - k, 5*m + 4*k = -892. Let t be m/21 - 21/49. What is the tens digit of 13/(-2)*(t + 5)?
2
Suppose 0*w = 5*w + 5. Let s be ((-2)/1 + 11/(-1))/1. Let x = w - s. What is the units digit of x?
2
Let a(s) = -s**2 - 22*s - 103. Let r be a(-16). Let g = -24 - -55. Let j = r + g. What is the units digit of j?
4
Let l(m) = -3*m + 6*m + 2*m - 2*m - 3. What is the units digit of l(12)?
3
Let b = -79 + 82. Suppose 4*m - s = 32, -5*s = b*m - 4*m + 27. What is the units digit of m?
7
Let p(g) = g**3 - 5*g + 2. Let t be p(2). What is the tens digit of t + 119 + -2 + 5 + 0?
2
Let k(d) = -d - 1. Let q(i) = -3*i - 2. Let g(o) = 2*k(o) - q(o). Let b be g(0). What is the units digit of b + 3 - (-36)/6?
9
Let x(l) be the first derivative of 14*l**3/3 + 7*l**2/2 - 13*l + 17. What is the units digit of x(3)?
4
Let u(d) = -d**3 - 15*d**2 - d - 16. Suppose -11 = -5*i - 86. Let y be u(i). Let o(p) = -10*p**3 + p**2 - p - 2. What is the units digit of o(y)?
0
Suppose 3*y - 5*l + 36 = 0, 0 = -3*y - 5*l - 0*l - 36. Let k be (3/(-6))/(2/y). Let v = k + 15. What is the units digit of v?
8
Let f(c) = 4*c - 25. What is the units digit of f(8)?
7
Let p(j) = -299*j - 107. What is the hundreds digit of p(-3)?
7
Suppose -39*w = -38*w - 104. Let n = w - 33. What is the units digit of n?
1
Let t(s) = -s**3 + 12*s**2 + 11*s + 26. Let f be t(13). Suppose f = g - 1, 1127 = 5*x - 3*g. What is the hundreds digit of x?
2
Let u(y) = y + 4. Let g be u(-7). What is the hundreds digit of (g/(-9 + 3))/(2/444)?
1
Let z(k) = 21*k**3 + 3*k**2 - 9*k + 5. Let n be z(2). Let a = n + -18. What is the hundreds digit of a?
1
Let f(u) = -u - 1. Let s(l) = -5*l**2 + 14*l. Let v(t) = 6*f(t) - s(t). What is the units digit of v(7)?
9
Let i(r) = r**2 - 73*r - 290. What is the units digit of i(79)?
4
Let q(l) = -l**2 + l. Let d(u) = -u**2 + 4. Let f(t) = d(t) - 2*q(t). Suppose 7*m - 4*m = -2*a + 3, 2*m - 15 = 3*a. What is the tens digit of f(a)?
1
Suppose -3*v = v - 136. Suppose b - 7 = z, 2*b - 4*b - 2*z = -v. What is the tens digit of b?
1
Let a(j) = -1 + 6*j + 4 + j**2 + 8*j. Let g be a(-14). What is the units digit of ((-4)/(-6))/(2/g)?
1
Suppose -7*y + 5 = -6*y - b, 3*y - 5*b - 15 = 0. Let z = -217 - -537. Suppose -9*p = -y*p - z. What is the units digit of p?
0
Suppose 2*p = -0*p + 4, -5*n + 3*p = 26. What is the tens digit of (593 - n - 3)*1/2?
9
Let u be -2 - (-2 + (0 - 1)). Suppose -z + 3*i + 17 = -12, z + 3*i - 11 = 0. What is the tens digit of (-14)/(z/(-12) + u)?
2
Let q be 2082/13 + (-4)/26. Let s = q + -26. What is the hundreds digit of s?
1
Let o(g) = g**3 + g. Let v(d) = 2*d**3 - 8*d**2 + 7*d - 6. Let z(h) = o(h) - v(h). What is the tens digit of z(6)?
4
Let z(s) = 3*s**2 + 5*s + 42. What is the tens digit of z(-9)?
4
Let f(w) = -w**3 + 15*w**2 + 22*w - 19. Let l = 8 + 8. What is the units digit of f(l)?
7
Suppose -13*m + 8*m = -3*b + 804, -831 = -3*b - 4*m. What is the tens digit of b?
7
Let y(k) = -2*k**2 - 21*k + 4. Let u be y(-9). Let h = 52 - u. What is the tens digit of h?
2
Suppose -5*d + 19 = 3*w - 5, 30 = 5*d + 5*w. Let x(i) = 2*i - 6. Let b be x(d). Suppose b = -5*c - 5*m + 30, -m = -5*c + m + 16. What is the units digit of c?
4
Let c = 10 + -9. Let z = c - 34. Let d = 11 - z. What is the tens digit of d?
4
Suppose -2*t = -8*g + 4*g + 10, 0 = g + 2*t - 10. Suppose 0 = 5*r + 2*n - n - 704, 0 = 3*r - g*n - 427. What is the units digit of r?
1
Let s(m) = m**2 + 8*m - 1. Let a be s(-4). Let k = a + 25. Let g = 31 - k. What is the units digit of g?
3
Let t be -2*(-3)/6 - -1. Suppose 4*i = t*i + 4. Suppose -103 = -i*j + x - 0*x, 3*j - 4*x = 152. What is the tens digit of j?
5
Suppose 4*l - 317 - 219 = 0. What is the hundreds digit of l?
1
Let j = -1 - 14. Let n be 2/6 + (-40)/j. Suppose n*d - 162 = -0*d. What is the units digit of d?
4
Suppose w - 2 = 4*w - 2*a, 0 = 3*w + 5*a - 5. Suppose -8*s + 12*s - 304 = w. What is the tens digit of s?
7
Suppose -4*a + 3*t = 1, 7*a - 2*t = 2*a - 3. Let s be 0/(a + (1 - -1)). Suppose -2*b + 39 + 5 = s. What is the units digit of b?
2
Suppose -s = -12*s + 1287. Suppose 3*t - s = 2*t - 2*q, -2*t = -q - 249. What is the tens digit of t?
2
Suppose -c - c = -0*c. Suppose 5*q + 9 = 2*r - 124, c = -4*q + 20. What is the units digit of r?
9
Let m(q) = 9*q**2 - 9*q + 27. Let y be m(10). Suppose -6*o = -87 - y. What is the hundreds digit of o?
1
Let l(i) = -i**3 - 10*i**2 - 7. Let d(v) = v**2 + v. Let j(u) = -4*d(u) - l(u). What is the tens digit of j(-5)?
5
Suppose 25 = -j + 37. Let l(y) = y**3 - 13*y**2 + 20*y - 13. What is the tens digit of l(j)?
8
Suppose 4*k - 7*k + 3 = 0, -455 = -3*f - 2*k. What is the tens digit of f?
5
Let h be (-7)/(7/(-4)) + 4/(-2). What is the tens digit of (188/8)/((-1)/(-6)) - h?
3
Let z(r) be the third derivative of -r**5/60 + 7*r**4/24 - r**3 + 2*r**2. Let s be z(6). Suppose s = -q + 4*q - 3. What is the units digit of q?
1
Let h be 328/(-6)*3/(-2). Let f be ((-24)/(-12))/(8/192). Let y = h - f. What is the units digit of y?
4
What is the hundreds digit of (-32)/24*(-2 - 2383/4)?
7
Let w(d) = d**3 + 31*d**2 + 26*d - 21. What is the tens digit of w(-12)?
0
Let b(j) be the first derivative of -5*j**4/4 - 2*j**2 - 3*j - 17. What is the tens digit of b(-2)?
4
Let q be 57/(-9) - (-4)/(-6). Let l = q - -11. What is the units digit of l?
4
Suppose -4*b + 4890 = 4*g - 2*b, -b + 4885 = 4*g. What is the hundreds digit of g?
2
Suppose 0 = -3*l + y + 2848, l + l + 3*y = 1917. What is the tens digit of l?
5
What is the tens digit of 9 + (207 - (-14 + 10))?
2
Let z(j) = -18*j - 17. Let y be z(-8). Let n = 121 + y. Suppose 2*c + b - 118 = 0, -4*c = -0*b - b - n. What is the units digit of c?
1
Let h be 0 + 66/9 - (-1)/(-3). Let a(r) = r + 1. What is the units digit of a(h)?
8
Let g be 5 + 862 + (-1)/(0 - 1). Suppose 4*n = 11*n - g. What is the units digit of n?
4
Let w = -2 - -8. Suppose w = -r - 3. What is the tens digit of 33/r*27/(-3)?
3
What is the tens digit of (-900)/(-72)*(-3)/((-30)/16)?
2
Suppose 2*y = -2*b, -4*b + 3*b = 5*y + 8. Let u(q) = -22*q**3 + 2*q**2 + 2*q. What is the tens digit of u(y)?
8
Let m be 297 + 4 + -2 + (2 - 1). Let k = m - 199. What is the tens digit of k?
0
Suppose 0 = 31*h - 13*h - 5418. What is the hundreds digit of h?
3
Let i(w) = -10*w + 72. Let c be i(24). What is the tens digit of (-4)/6*c/((-8)/(-4))?
5
Let f be 1/(-2) + (42/4 - -1). Suppose -f*h = -12*h + 147. What is the hundreds digit of h?
1
Suppose 6*a - 13 = -1. Suppose o - 21 = 4. Suppose a*z - z = r + o, -2*r + 100 = 4*z. What is the units digit of z?
5
Suppose -5*o + 807 = 3*v - 92, -12 = -3*o. What is the tens digit of v?
9
Let i be ((-2960)/30)/((-2)/3). Suppose -i - 121 = -o. Suppose 0 = 5*t - o + 59. What is the tens digit of t?
4
Suppose -5*h + 6 = -7*h, -k + 454 = -h. What is the tens digit of k?
5
Let 